{"id":33,"date":"2016-09-23T12:10:46","date_gmt":"2016-09-23T12:10:46","guid":{"rendered":"http:\/\/musikzug-tg.de\/?page_id=33"},"modified":"2020-02-14T12:02:25","modified_gmt":"2020-02-14T12:02:25","slug":"links","status":"publish","type":"page","link":"https:\/\/musikzug-tg.de\/?page_id=33","title":{"rendered":"Links"},"content":{"rendered":"<p><a href=\"http:\/\/www.abgrafik.de\/\">abgrafik<\/a><\/p>\n<p><a href=\"http:\/\/www.ziegel-buben.de\/\">Ziegelbuben Schwenningen e.V.<\/a><\/p>\n<p><a href=\"https:\/\/glonki.de\/die-zuege\/fanfarenzug\/\">Fanfarenzug der Glonki Gilde Villingen<\/a><\/p>\n<p><a href=\"http:\/\/www.spielleutemusik.com\/\">Landesverband Spielmanns -und Fanfarenz\u00fcge BaW\u00fc<\/a><\/p>\n<p><a href=\"http:\/\/www.fliesen-bruder.onlinefliese.de\/\">Fliesen Bruder<\/a><\/p>\n<p><a href=\"http:\/\/www.metzgerei-vs.de\/\">Metzgerei Gr\u00f6tzinger<\/a><\/p>\n<p><a href=\"http:\/\/www.weiss-ower.com\/\">Weiss. GmbH<\/a><\/p>\n<p><a href=\"http:\/\/gago-balance.de\/\">gago-balance<\/a><\/p>\n\n\n<p><\/p>\n","protected":false},"excerpt":{"rendered":"<p>abgrafik Ziegelbuben Schwenningen e.V. Fanfarenzug der Glonki Gilde Villingen Landesverband Spielmanns -und Fanfarenz\u00fcge BaW\u00fc Fliesen Bruder Metzgerei Gr\u00f6tzinger Weiss. GmbH gago-balance<\/p>\n","protected":false},"author":1,"featured_media":0,"parent":0,"menu_order":3,"comment_status":"closed","ping_status":"closed","template":"","meta":[],"_links":{"self":[{"href":"https:\/\/musikzug-tg.de\/index.php?rest_route=\/wp\/v2\/pages\/33"}],"collection":[{"href":"https:\/\/musikzug-tg.de\/index.php?rest_route=\/wp\/v2\/pages"}],"about":[{"href":"https:\/\/musikzug-tg.de\/index.php?rest_route=\/wp\/v2\/types\/page"}],"author":[{"embeddable":true,"href":"https:\/\/musikzug-tg.de\/index.php?rest_route=\/wp\/v2\/users\/1"}],"replies":[{"embeddable":true,"href":"https:\/\/musikzug-tg.de\/index.php?rest_route=%2Fwp%2Fv2%2Fcomments&post=33"}],"version-history":[{"count":12,"href":"https:\/\/musikzug-tg.de\/index.php?rest_route=\/wp\/v2\/pages\/33\/revisions"}],"predecessor-version":[{"id":425,"href":"https:\/\/musikzug-tg.de\/index.php?rest_route=\/wp\/v2\/pages\/33\/revisions\/425"}],"wp:attachment":[{"href":"https:\/\/musikzug-tg.de\/index.php?rest_route=%2Fwp%2Fv2%2Fmedia&parent=33"}],"curies":[{"name":"wp","href":"https:\/\/api.w.org\/{rel}","templated":true}]}}