{"id":15,"date":"2016-09-23T11:55:38","date_gmt":"2016-09-23T11:55:38","guid":{"rendered":"http:\/\/musikzug-tg.de\/?page_id=15"},"modified":"2018-02-15T20:40:26","modified_gmt":"2018-02-15T20:40:26","slug":"chronik","status":"publish","type":"page","link":"https:\/\/musikzug-tg.de\/?page_id=15","title":{"rendered":"Chronik"},"content":{"rendered":"<p><strong>Entstehung und Werdegang des Fanfarenzug \/ Musikzug der Turngemeinde Schwenningen<\/strong><\/p>\n<p><img decoding=\"async\" loading=\"lazy\" class=\"size-medium wp-image-21 alignleft\" src=\"http:\/\/musikzug-tg.de\/wp-content\/uploads\/2016\/09\/1967-300x202.jpg\" alt=\"1967\" width=\"300\" height=\"202\" srcset=\"https:\/\/musikzug-tg.de\/wp-content\/uploads\/2016\/09\/1967-300x202.jpg 300w, https:\/\/musikzug-tg.de\/wp-content\/uploads\/2016\/09\/1967-768x518.jpg 768w, https:\/\/musikzug-tg.de\/wp-content\/uploads\/2016\/09\/1967.jpg 1024w\" sizes=\"(max-width: 300px) 100vw, 300px\" \/>1967 wurde aus einer Jugendgruppe heraus der Fanfarenzug der Turngemeinde Schwenningen ins Leben gerufen. Mit etwa 10 Spielleuten wurden die ersten Musikproben abgehalten.<br \/>\nIn den darauffolgenden Jahren wurden etliche Auftritte mitgestaltet. Die musikalische Leitung hatte damals Horst Benzing.<\/p>\n<p>&nbsp;<\/p>\n<p>&nbsp;<\/p>\n<p>&nbsp;<\/p>\n<p><img decoding=\"async\" loading=\"lazy\" class=\"size-medium wp-image-22 alignleft\" src=\"http:\/\/musikzug-tg.de\/wp-content\/uploads\/2016\/09\/1975-300x172.jpg\" alt=\"1975\" width=\"300\" height=\"172\" srcset=\"https:\/\/musikzug-tg.de\/wp-content\/uploads\/2016\/09\/1975-300x172.jpg 300w, https:\/\/musikzug-tg.de\/wp-content\/uploads\/2016\/09\/1975-768x441.jpg 768w, https:\/\/musikzug-tg.de\/wp-content\/uploads\/2016\/09\/1975.jpg 1024w\" sizes=\"(max-width: 300px) 100vw, 300px\" \/>1975 schlossen wir uns dem Landesverband der Spielmanns und Fanfarenz\u00fcge Baden-W\u00fcrttemberg e.V. an, zu dem wir auch heute noch geh\u00f6ren.<\/p>\n<p>&nbsp;<\/p>\n<p>&nbsp;<\/p>\n<p>&nbsp;<\/p>\n<p><img decoding=\"async\" loading=\"lazy\" class=\"size-medium wp-image-23 alignleft\" src=\"http:\/\/musikzug-tg.de\/wp-content\/uploads\/2016\/09\/1984_85-300x233.jpg\" alt=\"1984_85\" width=\"300\" height=\"233\" srcset=\"https:\/\/musikzug-tg.de\/wp-content\/uploads\/2016\/09\/1984_85-300x233.jpg 300w, https:\/\/musikzug-tg.de\/wp-content\/uploads\/2016\/09\/1984_85-768x598.jpg 768w, https:\/\/musikzug-tg.de\/wp-content\/uploads\/2016\/09\/1984_85.jpg 1024w\" sizes=\"(max-width: 300px) 100vw, 300px\" \/>1986 ist der Fanfarenzug TG Schwenningen durch seine Umgestaltung der Musikinstrumente in Musikzug umgetauft worden. 1987 nahm der Musikzug am Deutschen Turnfest in Berlin teil. Da der Musikzug eine von 10 Abteilungen der Turngemeinde ist, war es f\u00fcr uns eine besondere Ehre an diesem Fest mitzuwirken.<\/p>\n<p>&nbsp;<\/p>\n<p>&nbsp;<\/p>\n<p>&nbsp;<\/p>\n<p><img decoding=\"async\" loading=\"lazy\" class=\"wp-image-24 alignleft\" src=\"http:\/\/musikzug-tg.de\/wp-content\/uploads\/2016\/09\/2003-300x225.jpg\" alt=\"2003\" width=\"260\" height=\"195\" srcset=\"https:\/\/musikzug-tg.de\/wp-content\/uploads\/2016\/09\/2003-300x225.jpg 300w, https:\/\/musikzug-tg.de\/wp-content\/uploads\/2016\/09\/2003-768x576.jpg 768w, https:\/\/musikzug-tg.de\/wp-content\/uploads\/2016\/09\/2003.jpg 1024w\" sizes=\"(max-width: 260px) 100vw, 260px\" \/><\/p>\n<p>1992 feierten wir unser 25-j\u00e4hriges Bestehen, zu diesem Anlass wurde der Musikzug mit einer neuen Landsknechtuniform ausger\u00fcstet.<\/p>\n<p>&nbsp;<\/p>\n<p>&nbsp;<\/p>\n<p>&nbsp;<\/p>\n<p>&nbsp;<\/p>\n<p><img decoding=\"async\" loading=\"lazy\" class=\"wp-image-233 size-full alignleft\" src=\"http:\/\/musikzug-tg.de\/wp-content\/uploads\/2016\/09\/1992_klein.jpg\" alt=\"\" width=\"250\" height=\"154\" \/> Zur Zeit sind wir 25 Spielleute, 4 davon sind Jugendliche.<\/p>\n","protected":false},"excerpt":{"rendered":"<p>Entstehung und Werdegang des Fanfarenzug \/ Musikzug der Turngemeinde Schwenningen 1967 wurde aus einer Jugendgruppe heraus der Fanfarenzug der Turngemeinde Schwenningen ins Leben gerufen. Mit etwa 10 Spielleuten wurden die ersten Musikproben abgehalten. In den darauffolgenden Jahren wurden etliche Auftritte mitgestaltet. Die musikalische Leitung hatte damals Horst Benzing. &nbsp; &nbsp; &nbsp; 1975 schlossen wir uns <a class=\"read-more\" href=\"https:\/\/musikzug-tg.de\/?page_id=15\">Read More<\/a><\/p>\n","protected":false},"author":1,"featured_media":0,"parent":0,"menu_order":0,"comment_status":"closed","ping_status":"closed","template":"","meta":[],"_links":{"self":[{"href":"https:\/\/musikzug-tg.de\/index.php?rest_route=\/wp\/v2\/pages\/15"}],"collection":[{"href":"https:\/\/musikzug-tg.de\/index.php?rest_route=\/wp\/v2\/pages"}],"about":[{"href":"https:\/\/musikzug-tg.de\/index.php?rest_route=\/wp\/v2\/types\/page"}],"author":[{"embeddable":true,"href":"https:\/\/musikzug-tg.de\/index.php?rest_route=\/wp\/v2\/users\/1"}],"replies":[{"embeddable":true,"href":"https:\/\/musikzug-tg.de\/index.php?rest_route=%2Fwp%2Fv2%2Fcomments&post=15"}],"version-history":[{"count":6,"href":"https:\/\/musikzug-tg.de\/index.php?rest_route=\/wp\/v2\/pages\/15\/revisions"}],"predecessor-version":[{"id":295,"href":"https:\/\/musikzug-tg.de\/index.php?rest_route=\/wp\/v2\/pages\/15\/revisions\/295"}],"wp:attachment":[{"href":"https:\/\/musikzug-tg.de\/index.php?rest_route=%2Fwp%2Fv2%2Fmedia&parent=15"}],"curies":[{"name":"wp","href":"https:\/\/api.w.org\/{rel}","templated":true}]}}